5 = 0. Let k = 674 - 58. Suppose -2*t + k + 358 = z. Is t a prime number?
True
Let t = -31360 + 96687. Is t composite?
False
Let h(l) = 2*l**2 + l + 1. Let c(k) be the third derivative of -k**5/10 + 7*k**4/12 - k**3/2 - 14*k**2. Let g(o) = -c(o) - 2*h(o). Is g(-9) a composite number?
False
Let o = 69721 - 47772. Is o composite?
True
Let q = -273 + 265. Is (-5 - (q - 693)) + 5 a prime number?
True
Suppose 0 = -8*q - q + 18. Suppose f - q*v = 4919, -3*f = -25*v + 23*v - 14773. Is f a prime number?
False
Suppose -t + 845 + 1878 = 0. Suppose -3*j - 2*w = -t, -3*w + 267 = j - 643. Is j a prime number?
True
Suppose 0 = 21*g - 51930 - 74679. Is g composite?
False
Let w = 9582 + -21026. Let n = -7939 - w. Is n a prime number?
False
Let u = -10919 - -20722. Is u a composite number?
False
Let j = -37 + 30. Is j/((-7)/(-101))*-11 a prime number?
False
Suppose 0 = 4*a - 2758 + 282. Suppose 0 = 5*i - 7056 - a. Is i composite?
True
Let n = -1101 + 1982. Suppose 145 = r + 2*v - 26, 5*r = 3*v + n. Let j = r + -48. Is j composite?
False
Suppose -5*x - 4*f + 1923983 = 0, 10 = -f + 7. Is x a prime number?
False
Let m = 5356 - 10756. Let j = 8317 + m. Is 12/(-66) + j/11 a prime number?
False
Let l = 480 - 474. Is l/3*-1*3981/(-6) a prime number?
True
Let k = 84 - 48. Suppose -k*h = -32*h - 19132. Is h composite?
False
Suppose -4*l - 1100504 = -4*c, -4*l + 550270 = -33*c + 35*c. Is c prime?
True
Suppose 0 = 4*b + 2*s + 8, 0*s - 5*s = -3*b - 32. Is 4923 + (-2)/((b - 0)/(-8)) a composite number?
False
Suppose 3*r + m - 188 = 2*m, 5*r + 2*m = 306. Let q = r - 60. Is 5/q*24508/55 a composite number?
True
Let s(x) = x**3 + 4*x + 12. Let p be s(0). Let f be 3*p/(-54) + (-4)/(-6). Suppose 0 = -2*w + v + 1760, -4*w = -f*v - 3*v - 3524. Is w a prime number?
False
Let c(f) = f**2 + 2*f - 1. Let r(p) = 26*p**2 - 28*p + 1. Let z(j) = 6*c(j) + r(j). Is z(11) composite?
False
Suppose -2*n - 5*m + 15 = 0, -3*n + 14 - 4 = -5*m. Suppose -14*l - n*i + 30605 = -9*l, 30597 = 5*l + i. Is l a prime number?
False
Suppose -1096 = -4*k + 2*k. Suppose -3352 = -4*r - k. Is r a composite number?
False
Let s(t) = 118*t**2 - 277*t - 19. Is s(18) composite?
True
Suppose -2*c - 2*j + 385634 = 0, 44229 = 2*c + 3*j - 341409. Is c composite?
True
Suppose 2 + 10 = -2*s. Let z be (-20)/(-15)*(-1 - 5) - -2. Is (s/9)/(z/7083) a composite number?
False
Suppose -2*g - 3*g = -15, 0 = -4*t + 4*g + 20. Let h be (4 + t/(-20))*10/1. Is (-48)/h - 3181/(-3) composite?
True
Suppose -8*y = -6*y + 144. Let c = 71 + y. Let z(g) = -1415*g - 4. Is z(c) composite?
True
Suppose 0 = -2*p - 10, 2*w + 5*p + 0 = -27. Let r(m) = 3*m**3 - 10*m**2 - 10*m + 3. Let y be r(4). Is (y/15)/(w/957) a composite number?
True
Let b(t) be the first derivative of 804*t**2 + 31*t - 187. Is b(8) prime?
False
Let z = -494 - -493. Is (-14865)/(-15)*(1 + -1 - z) prime?
True
Suppose 3*m = -553 + 1. Suppose -118*f = -99*f - 7961. Let a = m + f. Is a composite?
True
Suppose -4*f = 10*f - 240394. Suppose 8*d - f = d. Is d composite?
True
Is 12/(-24)*6/1*(-214732)/12 composite?
True
Let w(z) = -z**3 + 5*z**2 - 5*z + 6. Let a be w(4). Suppose 661 - 4031 = -a*o. Is o a prime number?
False
Let x = 186 - 55. Suppose -j + x = -459. Suppose -4*p + j = -2*p. Is p composite?
True
Is (4 + -5)/(((-52)/1100984)/13) prime?
False
Suppose -4212 = -4*r + 8624. Suppose 5*g = 1856 + r. Suppose -g = -5*i + 672. Is i composite?
False
Suppose 21*a = 20*a + 2. Let f be ((-3)/a)/((-9)/24). Suppose -f*y + 1044 = 4*j, -9*j - 273 = -y - 4*j. Is y a composite number?
False
Let x(r) = 711*r**2 + 143*r - 189. Is x(13) a composite number?
True
Is ((-8)/30 - (-158)/(-395))/(2/(-1069323)) prime?
True
Let a = 6595 + -6591. Suppose 2*y - 104 = 658. Suppose x = a*x - y. Is x a prime number?
True
Let d be (2 + -2)/(-2)*(-2)/4. Suppose d = n + 2*t - 9658, n - 7*t = -4*t + 9653. Suppose -4*p + i + n = 5*i, 2*i = -6. Is p a prime number?
True
Let p = -45 - -44. Let i be 218*(-33)/(-6) - (p + 2). Let c = 2343 - i. Is c a composite number?
True
Let p(s) = s**2 + 20*s + 67. Let w be p(-15). Is -7 + (-15)/(-2) + (-5188)/w prime?
False
Let l be (72/63)/((-2)/7). Is l/16 + -13129*(-25)/20 composite?
False
Let c(p) = -4*p**3 - 45*p**2 - 18*p - 22. Is c(-23) a composite number?
True
Let q = 121 + -114. Is -3 + (-8038)/(-2) + q + -4 a composite number?
False
Let x = 98 + -97. Let h be -1 - x - 161720/(-13). Is h/6*(1 - 0) a composite number?
True
Let u be (20/15*1)/(2/26406). Let h = -8084 + u. Suppose -5*f + 3*y - 2607 = -12107, -h = -5*f - y. Is f prime?
False
Suppose -4*w = -2*l - 3*w, w = 5*l. Suppose q + 4 = -l, 0 = -3*h - 4*q - 4. Suppose h*p - 94 = 2*p. Is p prime?
True
Suppose -14 = 5*j - 49, -4*x - 9*j + 2153731 = 0. Is x prime?
False
Suppose 0 = -22*y + 110 + 3 - 3. Let w(x) be the first derivative of 162*x**2 + 37*x + 2. Is w(y) a prime number?
True
Suppose 6 = -6*p + 24. Suppose 677 = h + h + 5*s, p*s = 9. Suppose 2*l - 185 = -l - 5*o, 3*o = 5*l - h. Is l composite?
True
Suppose 18*u - 16*u + 92 = 0. Let j = u + 73. Let a(v) = 2*v**2 - 26*v - 57. Is a(j) a composite number?
True
Let f(x) = x**3 + x**2 - 10*x - 4. Let v be f(-4). Let l be 6*((-308)/v)/7. Suppose -l*u + 470 = -17*u. Is u a prime number?
False
Is 7/((-63)/117) - -902 a composite number?
True
Let t = 170914 - -272205. Is t prime?
False
Suppose -5*v = -2*q - 11, 5*v - 2 = 4*q + 5. Suppose 0 = -0*j - 3*j + 2*t - 310, j + v*t = -107. Is (-7)/2*j - (-67 + 64) prime?
True
Suppose -2*f = -4*w - 14, 5*f + w + 17 = 41. Suppose 4*c - 7*p - 624 = -f*p, -4*c = 4*p - 612. Is c composite?
True
Let v(f) = -35342*f - 3909. Is v(-5) a composite number?
False
Suppose -92*j = -29741057 - 11373467. Is j prime?
False
Let r(i) = -i**3 + 10*i**2 - 12*i + 29. Let t be r(9). Suppose 4*m + 45355 = 4*l - 5069, 3*m + 25215 = t*l. Is l a composite number?
True
Let b(f) = -32212*f + 2883. Is b(-7) composite?
True
Let i be (-2 - -1)/(1 + (-1652)/1659). Suppose 3*d = d + 1640. Let w = d + i. Is w prime?
False
Is -2*40058/8*-6 composite?
True
Suppose -3*u = -5*j + u + 24293, 3*j - u - 14580 = 0. Is j a composite number?
False
Let v = -911575 - -1348914. Is v a prime number?
False
Suppose -6*n + 223460 + 210958 = 0. Is n a composite number?
True
Let k be (-40)/12*43146/(-45). Suppose -m = -p + k, -15981 = 3*p - 8*p + 4*m. Is p a composite number?
True
Let h be ((-226)/(-4))/(17/(-34)). Let d = 117 + h. Suppose -d*u + 13234 = -3842. Is u composite?
True
Let l(t) = 1676*t + 993. Is l(41) composite?
False
Suppose -l - 2 = 0, 0*h + 5*l = 2*h - 10. Suppose -5*z = -7*z - 2*k + 936, -5*z - 2*k + 2343 = h. Is z a prime number?
False
Let p(o) = 163*o**2 - 20*o + 267. Is p(10) a prime number?
False
Let c(o) = 40*o + 7 - 22*o + 778*o**2 - 13*o. Is c(-2) composite?
False
Suppose 53*j = -2274362 - 1880003 + 38639186. Is j a prime number?
False
Suppose -3*w = -38 - 67. Let g be (-4)/14 + (-95)/w. Let x(s) = -29*s - 10. Is x(g) a prime number?
False
Let w(b) = -65*b - 15. Let x be w(-7). Suppose 5*u = 5*k - x, 4*u + 288 = u - 5*k. Let z = u - -1368. Is z a composite number?
False
Let r be 1 - ((-24)/(-2))/(-3). Suppose -h - r*i + 7224 = 0, 5*i - 5147 = 4*h - 33943. Suppose -3*k + h = k. Is k a composite number?
False
Let a(d) = d**2 + 2*d + 33. Let t be a(-15). Let l = 1300 - t. Is (l/(-32))/(1/(-38)) a composite number?
True
Suppose -4*h - 33559 = -4*c - 88767, 4*h - 55202 = -2*c. Suppose 0 = -y + 5*y + 30744. Let z = h + y. Is z composite?
True
Suppose 28188 = -3*l - 5*h + 254029, h = -l + 75283. Is l a composite number?
True
Let o(b) = 82*b - 3 + 10*b + 51*b + 13 + 40*b. Let c = 1 - -8. Is o(c) a composite number?
False
Let l = -19298 + -2580. Let i = l - -46135. Is i prime?
False
Let y be 3 - (-1 + 0 - 93). Let s = -92 + y. Suppose -2661 = -s*m - t, 0 = 3*m - 8*m - 3*t + 2653. Is m prime?
False
Suppose 4*c - 5*r = 565171, 5*r + 323010 = 3*c - 100872. Is c a composite number?
True
Let n = 1890 + -1330. Suppose -2*p + n = -10. Suppose -c - 60 = -k, 5*k - 7*c = -5*c + p. Is k composite?
True
Let x be (7086/(-8))/((-132)/704). Let p be 2/(-6) + 2/(-3). Is (0 - p)/(-2*(-2)/x) a prime number?
True
Let l = -17 + 20. Suppose -a + 1176 = i, l*a - i = 1806 + 1706. Suppose 10*g - 8*g - a = 0. Is g prime?
False
Suppose 85*w + 41156 = 89*w. Is w composite?
False
Is (-25